{"id":257,"date":"2023-07-25T12:13:47","date_gmt":"2023-07-25T12:13:47","guid":{"rendered":"https:\/\/vigorous-ellis.185-114-109-121.plesk.page\/?post_type=product&#038;p=257"},"modified":"2025-10-16T10:41:11","modified_gmt":"2025-10-16T10:41:11","slug":"pigna","status":"publish","type":"product","link":"https:\/\/lumiartdesign.it\/index.php\/prodotto\/pigna\/","title":{"rendered":"Pigne porta fortuna"},"content":{"rendered":"<p>Pigne porta fortuna varie misure<\/p>\n<div class=\"markdown markdown-main-panel\" dir=\"ltr\">\n<p data-sourcepos=\"1:1-1:266\">La Pigna Porta Fortuna Luminaria \u00e8 una tradizionale pugliese realizzata in legno con punti luce LED a basso consumo. La Pigna Luminaria \u00e8 disponibile in varie dimensione.<\/p>\n<p data-sourcepos=\"1:1-1:266\">La Pigna Luminaria \u00e8 montata su una base in legno.<\/p>\n<p data-sourcepos=\"3:1-3:214\">La Pigna Luminaria \u00e8 un prodotto elegante e raffinato che si adatta a qualsiasi tipo di arredamento. La Pigna Luminaria \u00e8 ideale per illuminare ambienti di piccole dimensioni, come camere da letto, studi e salotti.<\/p>\n<p data-sourcepos=\"5:1-5:135\">La Pigna Luminaria \u00e8 un prodotto di alta qualit\u00e0 che \u00e8 realizzato con materiali di prima scelta.<\/p>\n<p data-sourcepos=\"7:1-7:19\"><strong>Caratteristiche<\/strong><\/p>\n<ul data-sourcepos=\"9:1-16:0\">\n<li data-sourcepos=\"9:1-9:18\">Materiale: legno<\/li>\n<li data-sourcepos=\"10:1-10:22\">Dimensioni: varie<\/li>\n<li data-sourcepos=\"11:1-11:28\">Montaggio su base in legno<\/li>\n<li data-sourcepos=\"12:1-12:22\">Elegante e raffinato<\/li>\n<li data-sourcepos=\"13:1-13:43\">Ideale per ambienti di piccole dimensioni<\/li>\n<li data-sourcepos=\"14:1-14:14\">Alta qualit\u00e0<\/li>\n<\/ul>\n<p data-sourcepos=\"19:1-19:54\">Ecco alcuni dettagli aggiuntivi sulla Pigna Luminaria:<\/p>\n<ul data-sourcepos=\"21:1-25:0\">\n<li data-sourcepos=\"21:1-21:88\">La Pigna Luminaria \u00e8 realizzata in legno di alta qualit\u00e0, che \u00e8 durevole e resistente.<\/li>\n<li data-sourcepos=\"22:1-22:98\">I punti luce LED a basso consumo sono efficienti dal punto di vista energetico e durano a lungo.<\/li>\n<li data-sourcepos=\"23:1-23:89\">La Pigna Luminaria \u00e8 disponibile in una dimensione, per adattarsi a qualsiasi ambiente.<\/li>\n<li data-sourcepos=\"24:1-25:0\">La Pigna Luminaria \u00e8 facile da installare e da pulire.<\/li>\n<\/ul>\n<p data-sourcepos=\"26:1-26:207\">La Pigna Luminaria \u00e8 il prodotto perfetto per chi cerca un prodotto di alta qualit\u00e0, elegante e raffinato. La Pigna Luminaria \u00e8 ideale per illuminare ambienti di piccole dimensioni e per risparmiare energia.<\/p>\n<p data-sourcepos=\"28:1-28:424\"><strong>La Pigna Luminaria \u00e8 un prodotto di design che ritrae lo stile delle tradizioni pugliese ispirandosi alle luminarie delle feste patronali. La Pigna Luminaria \u00e8 realizzata in legno di alta qualit\u00e0 e i punti luce LED a basso consumo sono efficienti dal punto di vista energetico. La Pigna Luminaria \u00e8 disponibile in una dimensione, per adattarsi a qualsiasi ambiente. La Pigna Luminaria \u00e8 facile da installare e da pulire.<\/strong><\/p>\n<p data-sourcepos=\"30:1-30:180\">Inoltre, la forma della pigna \u00e8 un simbolo di fortuna e prosperit\u00e0 nella cultura pugliese. Questo rende la Pigna Luminaria un regalo perfetto per chi vuole portare fortuna in casa.<\/p>\n<p data-sourcepos=\"30:1-30:180\">_______________________________________________________<\/p>\n<p data-sourcepos=\"30:1-30:180\">\n<\/div>\n<p>Per info e prezzi clicca sul <strong>tasto verde &#8220;Assistenza Clienti&#8221;<\/strong><\/p>\n<p>&nbsp;<\/p>\n<hr \/>\n<p>&nbsp;<\/p>\n","protected":false},"excerpt":{"rendered":"<p>Pigne porta fortuna<\/p>\n","protected":false},"featured_media":190,"template":"","meta":{"_eb_attr":""},"product_brand":[],"product_cat":[20,81],"product_tag":[36,38,26,41,54,40,37,23,52,53,55,44,45],"class_list":{"0":"post-257","1":"product","2":"type-product","3":"status-publish","4":"has-post-thumbnail","6":"product_cat-luminarie-tradizionali","7":"product_cat-simbologia-e-forme","8":"product_tag-allestimento-negozi","9":"product_tag-colori","10":"product_tag-complementi-di-arredo","11":"product_tag-feste","12":"product_tag-fortuna","13":"product_tag-idea-regalo","14":"product_tag-luci","15":"product_tag-luminarie","16":"product_tag-pigna","17":"product_tag-porta","18":"product_tag-portafortuna","19":"product_tag-simboli","20":"product_tag-simbologia","22":"first","23":"instock","24":"taxable","25":"shipping-taxable","26":"product-type-simple"},"yoast_head":"<!-- This site is optimized with the Yoast SEO plugin v27.6 - https:\/\/yoast.com\/product\/yoast-seo-wordpress\/ -->\n<title>Pigne porta fortuna - LUMI ART DESIGN<\/title>\n<meta name=\"robots\" content=\"index, follow, max-snippet:-1, max-image-preview:large, max-video-preview:-1\" \/>\n<link rel=\"canonical\" href=\"https:\/\/lumiartdesign.it\/index.php\/prodotto\/pigna\/\" \/>\n<meta property=\"og:locale\" content=\"it_IT\" \/>\n<meta property=\"og:type\" content=\"article\" \/>\n<meta property=\"og:title\" content=\"Pigne porta fortuna - LUMI ART DESIGN\" \/>\n<meta property=\"og:description\" content=\"Pigne porta fortuna\" \/>\n<meta property=\"og:url\" content=\"https:\/\/lumiartdesign.it\/index.php\/prodotto\/pigna\/\" \/>\n<meta property=\"og:site_name\" content=\"LUMI ART DESIGN\" \/>\n<meta property=\"article:modified_time\" content=\"2025-10-16T10:41:11+00:00\" \/>\n<meta property=\"og:image\" content=\"https:\/\/lumiartdesign.it\/wp-content\/uploads\/2023\/07\/lumi-art-design4284-e1690286914587.jpg\" \/>\n\t<meta property=\"og:image:width\" content=\"1181\" \/>\n\t<meta property=\"og:image:height\" content=\"1309\" \/>\n\t<meta property=\"og:image:type\" content=\"image\/jpeg\" \/>\n<meta name=\"twitter:card\" content=\"summary_large_image\" \/>\n<meta name=\"twitter:label1\" content=\"Tempo di lettura stimato\" \/>\n\t<meta name=\"twitter:data1\" content=\"2 minuti\" \/>\n<script type=\"application\/ld+json\" class=\"yoast-schema-graph\">{\"@context\":\"https:\\\/\\\/schema.org\",\"@graph\":[{\"@type\":\"WebPage\",\"@id\":\"https:\\\/\\\/lumiartdesign.it\\\/index.php\\\/prodotto\\\/pigna\\\/\",\"url\":\"https:\\\/\\\/lumiartdesign.it\\\/index.php\\\/prodotto\\\/pigna\\\/\",\"name\":\"Pigne porta fortuna - LUMI ART DESIGN\",\"isPartOf\":{\"@id\":\"https:\\\/\\\/lumiartdesign.it\\\/#website\"},\"primaryImageOfPage\":{\"@id\":\"https:\\\/\\\/lumiartdesign.it\\\/index.php\\\/prodotto\\\/pigna\\\/#primaryimage\"},\"image\":{\"@id\":\"https:\\\/\\\/lumiartdesign.it\\\/index.php\\\/prodotto\\\/pigna\\\/#primaryimage\"},\"thumbnailUrl\":\"https:\\\/\\\/lumiartdesign.it\\\/wp-content\\\/uploads\\\/2023\\\/07\\\/lumi-art-design4284-e1690286914587.jpg\",\"datePublished\":\"2023-07-25T12:13:47+00:00\",\"dateModified\":\"2025-10-16T10:41:11+00:00\",\"breadcrumb\":{\"@id\":\"https:\\\/\\\/lumiartdesign.it\\\/index.php\\\/prodotto\\\/pigna\\\/#breadcrumb\"},\"inLanguage\":\"it-IT\",\"potentialAction\":[{\"@type\":\"ReadAction\",\"target\":[\"https:\\\/\\\/lumiartdesign.it\\\/index.php\\\/prodotto\\\/pigna\\\/\"]}]},{\"@type\":\"ImageObject\",\"inLanguage\":\"it-IT\",\"@id\":\"https:\\\/\\\/lumiartdesign.it\\\/index.php\\\/prodotto\\\/pigna\\\/#primaryimage\",\"url\":\"https:\\\/\\\/lumiartdesign.it\\\/wp-content\\\/uploads\\\/2023\\\/07\\\/lumi-art-design4284-e1690286914587.jpg\",\"contentUrl\":\"https:\\\/\\\/lumiartdesign.it\\\/wp-content\\\/uploads\\\/2023\\\/07\\\/lumi-art-design4284-e1690286914587.jpg\",\"width\":1181,\"height\":1309},{\"@type\":\"BreadcrumbList\",\"@id\":\"https:\\\/\\\/lumiartdesign.it\\\/index.php\\\/prodotto\\\/pigna\\\/#breadcrumb\",\"itemListElement\":[{\"@type\":\"ListItem\",\"position\":1,\"name\":\"Home\",\"item\":\"https:\\\/\\\/lumiartdesign.it\\\/\"},{\"@type\":\"ListItem\",\"position\":2,\"name\":\"Creazioni\",\"item\":\"https:\\\/\\\/lumiartdesign.it\\\/index.php\\\/creazioni\\\/\"},{\"@type\":\"ListItem\",\"position\":3,\"name\":\"Pigne porta fortuna\"}]},{\"@type\":\"WebSite\",\"@id\":\"https:\\\/\\\/lumiartdesign.it\\\/#website\",\"url\":\"https:\\\/\\\/lumiartdesign.it\\\/\",\"name\":\"LUMI ART DESIGN\",\"description\":\"by Rosario Bruno\",\"publisher\":{\"@id\":\"https:\\\/\\\/lumiartdesign.it\\\/#organization\"},\"potentialAction\":[{\"@type\":\"SearchAction\",\"target\":{\"@type\":\"EntryPoint\",\"urlTemplate\":\"https:\\\/\\\/lumiartdesign.it\\\/?s={search_term_string}\"},\"query-input\":{\"@type\":\"PropertyValueSpecification\",\"valueRequired\":true,\"valueName\":\"search_term_string\"}}],\"inLanguage\":\"it-IT\"},{\"@type\":\"Organization\",\"@id\":\"https:\\\/\\\/lumiartdesign.it\\\/#organization\",\"name\":\"LUMI ART DESIGN\",\"url\":\"https:\\\/\\\/lumiartdesign.it\\\/\",\"logo\":{\"@type\":\"ImageObject\",\"inLanguage\":\"it-IT\",\"@id\":\"https:\\\/\\\/lumiartdesign.it\\\/#\\\/schema\\\/logo\\\/image\\\/\",\"url\":\"https:\\\/\\\/lumiartdesign.it\\\/wp-content\\\/uploads\\\/2023\\\/07\\\/cropped-Gruppo-di-5-oggettifavicon-1.png\",\"contentUrl\":\"https:\\\/\\\/lumiartdesign.it\\\/wp-content\\\/uploads\\\/2023\\\/07\\\/cropped-Gruppo-di-5-oggettifavicon-1.png\",\"width\":166,\"height\":88,\"caption\":\"LUMI ART DESIGN\"},\"image\":{\"@id\":\"https:\\\/\\\/lumiartdesign.it\\\/#\\\/schema\\\/logo\\\/image\\\/\"}}]}<\/script>\n<!-- \/ Yoast SEO plugin. -->","yoast_head_json":{"title":"Pigne porta fortuna - LUMI ART DESIGN","robots":{"index":"index","follow":"follow","max-snippet":"max-snippet:-1","max-image-preview":"max-image-preview:large","max-video-preview":"max-video-preview:-1"},"canonical":"https:\/\/lumiartdesign.it\/index.php\/prodotto\/pigna\/","og_locale":"it_IT","og_type":"article","og_title":"Pigne porta fortuna - LUMI ART DESIGN","og_description":"Pigne porta fortuna","og_url":"https:\/\/lumiartdesign.it\/index.php\/prodotto\/pigna\/","og_site_name":"LUMI ART DESIGN","article_modified_time":"2025-10-16T10:41:11+00:00","og_image":[{"width":1181,"height":1309,"url":"https:\/\/lumiartdesign.it\/wp-content\/uploads\/2023\/07\/lumi-art-design4284-e1690286914587.jpg","type":"image\/jpeg"}],"twitter_card":"summary_large_image","twitter_misc":{"Tempo di lettura stimato":"2 minuti"},"schema":{"@context":"https:\/\/schema.org","@graph":[{"@type":"WebPage","@id":"https:\/\/lumiartdesign.it\/index.php\/prodotto\/pigna\/","url":"https:\/\/lumiartdesign.it\/index.php\/prodotto\/pigna\/","name":"Pigne porta fortuna - LUMI ART DESIGN","isPartOf":{"@id":"https:\/\/lumiartdesign.it\/#website"},"primaryImageOfPage":{"@id":"https:\/\/lumiartdesign.it\/index.php\/prodotto\/pigna\/#primaryimage"},"image":{"@id":"https:\/\/lumiartdesign.it\/index.php\/prodotto\/pigna\/#primaryimage"},"thumbnailUrl":"https:\/\/lumiartdesign.it\/wp-content\/uploads\/2023\/07\/lumi-art-design4284-e1690286914587.jpg","datePublished":"2023-07-25T12:13:47+00:00","dateModified":"2025-10-16T10:41:11+00:00","breadcrumb":{"@id":"https:\/\/lumiartdesign.it\/index.php\/prodotto\/pigna\/#breadcrumb"},"inLanguage":"it-IT","potentialAction":[{"@type":"ReadAction","target":["https:\/\/lumiartdesign.it\/index.php\/prodotto\/pigna\/"]}]},{"@type":"ImageObject","inLanguage":"it-IT","@id":"https:\/\/lumiartdesign.it\/index.php\/prodotto\/pigna\/#primaryimage","url":"https:\/\/lumiartdesign.it\/wp-content\/uploads\/2023\/07\/lumi-art-design4284-e1690286914587.jpg","contentUrl":"https:\/\/lumiartdesign.it\/wp-content\/uploads\/2023\/07\/lumi-art-design4284-e1690286914587.jpg","width":1181,"height":1309},{"@type":"BreadcrumbList","@id":"https:\/\/lumiartdesign.it\/index.php\/prodotto\/pigna\/#breadcrumb","itemListElement":[{"@type":"ListItem","position":1,"name":"Home","item":"https:\/\/lumiartdesign.it\/"},{"@type":"ListItem","position":2,"name":"Creazioni","item":"https:\/\/lumiartdesign.it\/index.php\/creazioni\/"},{"@type":"ListItem","position":3,"name":"Pigne porta fortuna"}]},{"@type":"WebSite","@id":"https:\/\/lumiartdesign.it\/#website","url":"https:\/\/lumiartdesign.it\/","name":"LUMI ART DESIGN","description":"by Rosario Bruno","publisher":{"@id":"https:\/\/lumiartdesign.it\/#organization"},"potentialAction":[{"@type":"SearchAction","target":{"@type":"EntryPoint","urlTemplate":"https:\/\/lumiartdesign.it\/?s={search_term_string}"},"query-input":{"@type":"PropertyValueSpecification","valueRequired":true,"valueName":"search_term_string"}}],"inLanguage":"it-IT"},{"@type":"Organization","@id":"https:\/\/lumiartdesign.it\/#organization","name":"LUMI ART DESIGN","url":"https:\/\/lumiartdesign.it\/","logo":{"@type":"ImageObject","inLanguage":"it-IT","@id":"https:\/\/lumiartdesign.it\/#\/schema\/logo\/image\/","url":"https:\/\/lumiartdesign.it\/wp-content\/uploads\/2023\/07\/cropped-Gruppo-di-5-oggettifavicon-1.png","contentUrl":"https:\/\/lumiartdesign.it\/wp-content\/uploads\/2023\/07\/cropped-Gruppo-di-5-oggettifavicon-1.png","width":166,"height":88,"caption":"LUMI ART DESIGN"},"image":{"@id":"https:\/\/lumiartdesign.it\/#\/schema\/logo\/image\/"}}]}},"_links":{"self":[{"href":"https:\/\/lumiartdesign.it\/index.php\/wp-json\/wp\/v2\/product\/257","targetHints":{"allow":["GET"]}}],"collection":[{"href":"https:\/\/lumiartdesign.it\/index.php\/wp-json\/wp\/v2\/product"}],"about":[{"href":"https:\/\/lumiartdesign.it\/index.php\/wp-json\/wp\/v2\/types\/product"}],"wp:featuredmedia":[{"embeddable":true,"href":"https:\/\/lumiartdesign.it\/index.php\/wp-json\/wp\/v2\/media\/190"}],"wp:attachment":[{"href":"https:\/\/lumiartdesign.it\/index.php\/wp-json\/wp\/v2\/media?parent=257"}],"wp:term":[{"taxonomy":"product_brand","embeddable":true,"href":"https:\/\/lumiartdesign.it\/index.php\/wp-json\/wp\/v2\/product_brand?post=257"},{"taxonomy":"product_cat","embeddable":true,"href":"https:\/\/lumiartdesign.it\/index.php\/wp-json\/wp\/v2\/product_cat?post=257"},{"taxonomy":"product_tag","embeddable":true,"href":"https:\/\/lumiartdesign.it\/index.php\/wp-json\/wp\/v2\/product_tag?post=257"}],"curies":[{"name":"wp","href":"https:\/\/api.w.org\/{rel}","templated":true}]}}